{"id":725,"date":"2021-02-21T08:28:26","date_gmt":"2021-02-21T08:28:26","guid":{"rendered":"http:\/\/www.aseltesisyonetim.com.tr\/enerji-danismanlik\/?page_id=725"},"modified":"2021-03-27T08:36:30","modified_gmt":"2021-03-27T08:36:30","slug":"hakkimizda","status":"publish","type":"page","link":"https:\/\/www.aseltesisyonetim.com.tr\/enerji-danismanlik\/hakkimizda\/","title":{"rendered":"HAKKIMIZDA"},"content":{"rendered":"\t\t<div data-elementor-type=\"wp-page\" data-elementor-id=\"725\" class=\"elementor elementor-725\" data-elementor-settings=\"[]\">\n\t\t\t\t\t\t\t<div class=\"elementor-section-wrap\">\n\t\t\t\t\t\t\t<section class=\"elementor-section elementor-top-section elementor-element elementor-element-14d7c34 elementor-section-boxed elementor-section-height-default elementor-section-height-default\" data-id=\"14d7c34\" data-element_type=\"section\" data-settings=\"{&quot;background_background&quot;:&quot;classic&quot;}\">\n\t\t\t\t\t\t<div class=\"elementor-container elementor-column-gap-default\">\n\t\t\t\t\t<div class=\"elementor-column elementor-col-100 elementor-top-column elementor-element elementor-element-482bb17\" data-id=\"482bb17\" data-element_type=\"column\">\n\t\t\t<div class=\"elementor-widget-wrap elementor-element-populated\">\n\t\t\t\t\t\t\t\t<div class=\"elementor-element elementor-element-8274dbb elementor-widget elementor-widget-heading\" data-id=\"8274dbb\" data-element_type=\"widget\" data-widget_type=\"heading.default\">\n\t\t\t\t<div class=\"elementor-widget-container\">\n\t\t\t<h2 class=\"elementor-heading-title elementor-size-default\">Bizi Tan\u0131y\u0131n<\/h2>\t\t<\/div>\n\t\t\t\t<\/div>\n\t\t\t\t\t<\/div>\n\t\t<\/div>\n\t\t\t\t\t\t\t<\/div>\n\t\t<\/section>\n\t\t\t\t<section class=\"elementor-section elementor-top-section elementor-element elementor-element-9369951 elementor-section-boxed elementor-section-height-default elementor-section-height-default\" data-id=\"9369951\" data-element_type=\"section\">\n\t\t\t\t\t\t<div class=\"elementor-container elementor-column-gap-default\">\n\t\t\t\t\t<div class=\"elementor-column elementor-col-100 elementor-top-column elementor-element elementor-element-108dca3\" data-id=\"108dca3\" data-element_type=\"column\">\n\t\t\t<div class=\"elementor-widget-wrap elementor-element-populated\">\n\t\t\t\t\t\t\t\t<div class=\"elementor-element elementor-element-b4f98a6 elementor-widget elementor-widget-heading\" data-id=\"b4f98a6\" data-element_type=\"widget\" data-widget_type=\"heading.default\">\n\t\t\t\t<div class=\"elementor-widget-container\">\n\t\t\t<h2 class=\"elementor-heading-title elementor-size-default\">Asel Enerji Yat\u0131r\u0131m Dan\u0131\u015fmanl\u0131k;  Enerji sekt\u00f6r\u00fc, enerji ticareti ve e\u011fitimi konusunda alan\u0131nda uzman kadrosu ile hizmet vermektedir. <\/h2>\t\t<\/div>\n\t\t\t\t<\/div>\n\t\t\t\t\t<\/div>\n\t\t<\/div>\n\t\t\t\t\t\t\t<\/div>\n\t\t<\/section>\n\t\t\t\t<section class=\"elementor-section elementor-top-section elementor-element elementor-element-d66ec88 elementor-section-boxed elementor-section-height-default elementor-section-height-default\" data-id=\"d66ec88\" data-element_type=\"section\">\n\t\t\t\t\t\t<div class=\"elementor-container elementor-column-gap-default\">\n\t\t\t\t\t<div class=\"elementor-column elementor-col-100 elementor-top-column elementor-element elementor-element-28f2fb9\" data-id=\"28f2fb9\" data-element_type=\"column\">\n\t\t\t<div class=\"elementor-widget-wrap elementor-element-populated\">\n\t\t\t\t\t\t\t\t<div class=\"elementor-element elementor-element-085575e elementor-widget elementor-widget-image-carousel\" data-id=\"085575e\" data-element_type=\"widget\" data-settings=\"{&quot;navigation&quot;:&quot;none&quot;,&quot;slides_to_show&quot;:&quot;5&quot;,&quot;image_spacing_custom&quot;:{&quot;unit&quot;:&quot;px&quot;,&quot;size&quot;:6,&quot;sizes&quot;:[]},&quot;autoplay&quot;:&quot;yes&quot;,&quot;pause_on_hover&quot;:&quot;yes&quot;,&quot;pause_on_interaction&quot;:&quot;yes&quot;,&quot;autoplay_speed&quot;:5000,&quot;infinite&quot;:&quot;yes&quot;,&quot;speed&quot;:500}\" data-widget_type=\"image-carousel.default\">\n\t\t\t\t<div class=\"elementor-widget-container\">\n\t\t\t\t\t<div class=\"elementor-image-carousel-wrapper swiper-container\" dir=\"ltr\">\n\t\t\t<div class=\"elementor-image-carousel swiper-wrapper\">\n\t\t\t\t\t\t\t\t<div class=\"swiper-slide\"><figure class=\"swiper-slide-inner\"><img decoding=\"async\" class=\"swiper-slide-image\" src=\"https:\/\/www.aseltesisyonetim.com.tr\/enerji-danismanlik\/wp-content\/uploads\/2021\/02\/energy-all-in-one-960x640-3.png\" alt=\"energy-all-in-one-960x640\" \/><\/figure><\/div><div class=\"swiper-slide\"><figure class=\"swiper-slide-inner\"><img decoding=\"async\" class=\"swiper-slide-image\" src=\"https:\/\/www.aseltesisyonetim.com.tr\/enerji-danismanlik\/wp-content\/uploads\/2021\/02\/ges3-1.jpg\" alt=\"ges3\" \/><\/figure><\/div><div class=\"swiper-slide\"><figure class=\"swiper-slide-inner\"><img decoding=\"async\" class=\"swiper-slide-image\" src=\"https:\/\/www.aseltesisyonetim.com.tr\/enerji-danismanlik\/wp-content\/uploads\/2021\/02\/wind-solar1-1.png\" alt=\"wind-solar1\" \/><\/figure><\/div><div class=\"swiper-slide\"><figure class=\"swiper-slide-inner\"><img decoding=\"async\" class=\"swiper-slide-image\" src=\"https:\/\/www.aseltesisyonetim.com.tr\/enerji-danismanlik\/wp-content\/uploads\/2021\/02\/santral-1.jpg\" alt=\"Nuclear power plant with a red field\" \/><\/figure><\/div><div class=\"swiper-slide\"><figure class=\"swiper-slide-inner\"><img decoding=\"async\" class=\"swiper-slide-image\" src=\"https:\/\/www.aseltesisyonetim.com.tr\/enerji-danismanlik\/wp-content\/uploads\/2021\/02\/wind-solar3.jpg\" alt=\"wind-solar3\" \/><\/figure><\/div><div class=\"swiper-slide\"><figure class=\"swiper-slide-inner\"><img decoding=\"async\" class=\"swiper-slide-image\" src=\"https:\/\/www.aseltesisyonetim.com.tr\/enerji-danismanlik\/wp-content\/uploads\/2021\/02\/res-ges1-2.jpeg\" alt=\"res-ges1\" \/><\/figure><\/div>\t\t\t<\/div>\n\t\t\t\t\t\t\t\t\t\t\t\t\t\t\t\t<\/div>\n\t\t\t\t<\/div>\n\t\t\t\t<\/div>\n\t\t\t\t\t<\/div>\n\t\t<\/div>\n\t\t\t\t\t\t\t<\/div>\n\t\t<\/section>\n\t\t\t\t<section class=\"elementor-section elementor-top-section elementor-element elementor-element-f8a7d6a elementor-section-boxed elementor-section-height-default elementor-section-height-default\" data-id=\"f8a7d6a\" data-element_type=\"section\">\n\t\t\t\t\t\t<div class=\"elementor-container elementor-column-gap-default\">\n\t\t\t\t\t<div class=\"elementor-column elementor-col-100 elementor-top-column elementor-element elementor-element-2cddc17\" data-id=\"2cddc17\" data-element_type=\"column\">\n\t\t\t<div class=\"elementor-widget-wrap elementor-element-populated\">\n\t\t\t\t\t\t\t\t<div class=\"elementor-element elementor-element-7626e54 elementor-widget elementor-widget-text-editor\" data-id=\"7626e54\" data-element_type=\"widget\" data-widget_type=\"text-editor.default\">\n\t\t\t\t<div class=\"elementor-widget-container\">\n\t\t\t\t\t\t\t<p>On Y\u0131l\u0131 A\u015fk\u0131n Sekt\u00f6r Tecr\u00fcbesi ile;<\/p>\t\t\t\t\t\t<\/div>\n\t\t\t\t<\/div>\n\t\t\t\t\t<\/div>\n\t\t<\/div>\n\t\t\t\t\t\t\t<\/div>\n\t\t<\/section>\n\t\t\t\t<section class=\"elementor-section elementor-top-section elementor-element elementor-element-dc618e1 elementor-section-boxed elementor-section-height-default elementor-section-height-default\" data-id=\"dc618e1\" data-element_type=\"section\">\n\t\t\t\t\t\t<div class=\"elementor-container elementor-column-gap-default\">\n\t\t\t\t\t<div class=\"elementor-column elementor-col-100 elementor-top-column elementor-element elementor-element-d33ae3e\" data-id=\"d33ae3e\" data-element_type=\"column\">\n\t\t\t<div class=\"elementor-widget-wrap elementor-element-populated\">\n\t\t\t\t\t\t\t\t<div class=\"elementor-element elementor-element-03052a1 elementor-widget elementor-widget-text-editor\" data-id=\"03052a1\" data-element_type=\"widget\" data-widget_type=\"text-editor.default\">\n\t\t\t\t<div class=\"elementor-widget-container\">\n\t\t\t\t\t\t\t<p>En iyi kararlar\u0131 vermeniz i\u00e7in ASEL yan\u0131n\u0131zda!<\/p>\t\t\t\t\t\t<\/div>\n\t\t\t\t<\/div>\n\t\t\t\t\t<\/div>\n\t\t<\/div>\n\t\t\t\t\t\t\t<\/div>\n\t\t<\/section>\n\t\t\t\t<section class=\"elementor-section elementor-top-section elementor-element elementor-element-c931bca elementor-section-boxed elementor-section-height-default elementor-section-height-default\" data-id=\"c931bca\" data-element_type=\"section\">\n\t\t\t\t\t\t<div class=\"elementor-container elementor-column-gap-default\">\n\t\t\t\t\t<div class=\"elementor-column elementor-col-100 elementor-top-column elementor-element elementor-element-5979d70\" data-id=\"5979d70\" data-element_type=\"column\">\n\t\t\t<div class=\"elementor-widget-wrap elementor-element-populated\">\n\t\t\t\t\t\t\t\t<div class=\"elementor-element elementor-element-83b4722 elementor-widget elementor-widget-text-editor\" data-id=\"83b4722\" data-element_type=\"widget\" data-widget_type=\"text-editor.default\">\n\t\t\t\t<div class=\"elementor-widget-container\">\n\t\t\t\t\t\t\t<p>ENERJ\u0130 YATIRIMLARI<\/p>\t\t\t\t\t\t<\/div>\n\t\t\t\t<\/div>\n\t\t\t\t\t<\/div>\n\t\t<\/div>\n\t\t\t\t\t\t\t<\/div>\n\t\t<\/section>\n\t\t\t\t<section class=\"elementor-section elementor-top-section elementor-element elementor-element-df42558 elementor-section-boxed elementor-section-height-default elementor-section-height-default\" data-id=\"df42558\" data-element_type=\"section\">\n\t\t\t\t\t\t<div class=\"elementor-container elementor-column-gap-default\">\n\t\t\t\t\t<div class=\"elementor-column elementor-col-100 elementor-top-column elementor-element elementor-element-891f038\" data-id=\"891f038\" data-element_type=\"column\">\n\t\t\t<div class=\"elementor-widget-wrap elementor-element-populated\">\n\t\t\t\t\t\t\t\t<div class=\"elementor-element elementor-element-787db25 elementor-widget elementor-widget-text-editor\" data-id=\"787db25\" data-element_type=\"widget\" data-widget_type=\"text-editor.default\">\n\t\t\t\t<div class=\"elementor-widget-container\">\n\t\t\t\t\t\t\t<p>Asel, Enerji sekt\u00f6r\u00fcne yat\u0131r\u0131m yapmak isteyen veya yapm\u0131\u015f olan firmalara proje geli\u015ftirme, lisans s\u00fcreci, i\u015fletmeye alma vb\u00a0 gb a\u015famalar\u0131n y\u00f6netilmesinde idari, teknik ve finansal dan\u0131\u015fmanl\u0131k hizmeti vermektedir.<\/p>\t\t\t\t\t\t<\/div>\n\t\t\t\t<\/div>\n\t\t\t\t\t<\/div>\n\t\t<\/div>\n\t\t\t\t\t\t\t<\/div>\n\t\t<\/section>\n\t\t\t\t<section class=\"elementor-section elementor-top-section elementor-element elementor-element-eb9055e elementor-section-boxed elementor-section-height-default elementor-section-height-default\" data-id=\"eb9055e\" data-element_type=\"section\">\n\t\t\t\t\t\t<div class=\"elementor-container elementor-column-gap-default\">\n\t\t\t\t\t<div class=\"elementor-column elementor-col-100 elementor-top-column elementor-element elementor-element-75649b9\" data-id=\"75649b9\" data-element_type=\"column\">\n\t\t\t<div class=\"elementor-widget-wrap elementor-element-populated\">\n\t\t\t\t\t\t\t\t<div class=\"elementor-element elementor-element-4b16d1a elementor-widget elementor-widget-text-editor\" data-id=\"4b16d1a\" data-element_type=\"widget\" data-widget_type=\"text-editor.default\">\n\t\t\t\t<div class=\"elementor-widget-container\">\n\t\t\t\t\t\t\t<p>G\u00dcNE\u015e ENERJ\u0130S\u0130 (GES) PROJE DANI\u015eMANLIK<\/p>\t\t\t\t\t\t<\/div>\n\t\t\t\t<\/div>\n\t\t\t\t\t<\/div>\n\t\t<\/div>\n\t\t\t\t\t\t\t<\/div>\n\t\t<\/section>\n\t\t\t\t<section class=\"elementor-section elementor-top-section elementor-element elementor-element-0b33c9f elementor-section-boxed elementor-section-height-default elementor-section-height-default\" data-id=\"0b33c9f\" data-element_type=\"section\">\n\t\t\t\t\t\t<div class=\"elementor-container elementor-column-gap-default\">\n\t\t\t\t\t<div class=\"elementor-column elementor-col-100 elementor-top-column elementor-element elementor-element-942b75f\" data-id=\"942b75f\" data-element_type=\"column\">\n\t\t\t<div class=\"elementor-widget-wrap elementor-element-populated\">\n\t\t\t\t\t\t\t\t<div class=\"elementor-element elementor-element-a6cc127 elementor-widget elementor-widget-text-editor\" data-id=\"a6cc127\" data-element_type=\"widget\" data-widget_type=\"text-editor.default\">\n\t\t\t\t<div class=\"elementor-widget-container\">\n\t\t\t\t\t\t\t<p>Asel, G\u00fcne\u015f enerjisi santral yat\u0131r\u0131mlar\u0131na fizibilite haz\u0131rlanmas\u0131, ke\u015fif, kurulum, ekipman se\u00e7imi, ve devreye alma s\u00fcre\u00e7lerinin t\u00fcm\u00fcnde dan\u0131\u015fmanl\u0131k ve y\u00f6netim hizmeti vermektedir.<\/p>\t\t\t\t\t\t<\/div>\n\t\t\t\t<\/div>\n\t\t\t\t\t<\/div>\n\t\t<\/div>\n\t\t\t\t\t\t\t<\/div>\n\t\t<\/section>\n\t\t\t\t<section class=\"elementor-section elementor-top-section elementor-element elementor-element-5de542b elementor-section-boxed elementor-section-height-default elementor-section-height-default\" data-id=\"5de542b\" data-element_type=\"section\">\n\t\t\t\t\t\t<div class=\"elementor-container elementor-column-gap-default\">\n\t\t\t\t\t<div class=\"elementor-column elementor-col-100 elementor-top-column elementor-element elementor-element-fb44d16\" data-id=\"fb44d16\" data-element_type=\"column\">\n\t\t\t<div class=\"elementor-widget-wrap elementor-element-populated\">\n\t\t\t\t\t\t\t\t<div class=\"elementor-element elementor-element-cbfc22d elementor-widget elementor-widget-text-editor\" data-id=\"cbfc22d\" data-element_type=\"widget\" data-widget_type=\"text-editor.default\">\n\t\t\t\t<div class=\"elementor-widget-container\">\n\t\t\t\t\t\t\t<p>ENERJ\u0130 T\u0130CARET\u0130<\/p>\t\t\t\t\t\t<\/div>\n\t\t\t\t<\/div>\n\t\t\t\t\t<\/div>\n\t\t<\/div>\n\t\t\t\t\t\t\t<\/div>\n\t\t<\/section>\n\t\t\t\t<section class=\"elementor-section elementor-top-section elementor-element elementor-element-fc17231 elementor-section-boxed elementor-section-height-default elementor-section-height-default\" data-id=\"fc17231\" data-element_type=\"section\">\n\t\t\t\t\t\t<div class=\"elementor-container elementor-column-gap-default\">\n\t\t\t\t\t<div class=\"elementor-column elementor-col-100 elementor-top-column elementor-element elementor-element-6f6b377\" data-id=\"6f6b377\" data-element_type=\"column\">\n\t\t\t<div class=\"elementor-widget-wrap elementor-element-populated\">\n\t\t\t\t\t\t\t\t<div class=\"elementor-element elementor-element-ab09fe7 elementor-widget elementor-widget-text-editor\" data-id=\"ab09fe7\" data-element_type=\"widget\" data-widget_type=\"text-editor.default\">\n\t\t\t\t<div class=\"elementor-widget-container\">\n\t\t\t\t\t\t\t<p>Asel, Enerji piyasas\u0131nda faaliyet g\u00f6steren toptan sat\u0131\u015f ve enerji \u00fcretim \u015firketleri ve Serbest t\u00fcketicilere; sat\u0131n alma, risk y\u00f6netimi, enerji ticareti ve sat\u0131\u015f\u0131 konusunda win-win yakla\u015f\u0131m\u0131 ile ihtiyaca uygun \u00e7\u00f6z\u00fcm destek ve y\u00f6netim hizmeti vermektedir.<\/p>\t\t\t\t\t\t<\/div>\n\t\t\t\t<\/div>\n\t\t\t\t\t<\/div>\n\t\t<\/div>\n\t\t\t\t\t\t\t<\/div>\n\t\t<\/section>\n\t\t\t\t<section class=\"elementor-section elementor-top-section elementor-element elementor-element-dba8db4 elementor-section-boxed elementor-section-height-default elementor-section-height-default\" data-id=\"dba8db4\" data-element_type=\"section\">\n\t\t\t\t\t\t<div class=\"elementor-container elementor-column-gap-default\">\n\t\t\t\t\t<div class=\"elementor-column elementor-col-100 elementor-top-column elementor-element elementor-element-729ffd0\" data-id=\"729ffd0\" data-element_type=\"column\">\n\t\t\t<div class=\"elementor-widget-wrap elementor-element-populated\">\n\t\t\t\t\t\t\t\t<div class=\"elementor-element elementor-element-b8e23e2 elementor-widget elementor-widget-text-editor\" data-id=\"b8e23e2\" data-element_type=\"widget\" data-widget_type=\"text-editor.default\">\n\t\t\t\t<div class=\"elementor-widget-container\">\n\t\t\t\t\t\t\t<p>ASEL ENERGY AKADEM\u0130<\/p>\t\t\t\t\t\t<\/div>\n\t\t\t\t<\/div>\n\t\t\t\t\t<\/div>\n\t\t<\/div>\n\t\t\t\t\t\t\t<\/div>\n\t\t<\/section>\n\t\t\t\t<section class=\"elementor-section elementor-top-section elementor-element elementor-element-de0e398 elementor-section-boxed elementor-section-height-default elementor-section-height-default\" data-id=\"de0e398\" data-element_type=\"section\">\n\t\t\t\t\t\t<div class=\"elementor-container elementor-column-gap-default\">\n\t\t\t\t\t<div class=\"elementor-column elementor-col-100 elementor-top-column elementor-element elementor-element-ff6ee6b\" data-id=\"ff6ee6b\" data-element_type=\"column\">\n\t\t\t<div class=\"elementor-widget-wrap elementor-element-populated\">\n\t\t\t\t\t\t\t\t<div class=\"elementor-element elementor-element-df9c63f elementor-widget elementor-widget-text-editor\" data-id=\"df9c63f\" data-element_type=\"widget\" data-widget_type=\"text-editor.default\">\n\t\t\t\t<div class=\"elementor-widget-container\">\n\t\t\t\t\t\t\t<p>Asel, Enerji sekt\u00f6r\u00fcne kalifiye personel ve gelece\u011fin profesyonellerinin yeti\u015ftirilmesi amac\u0131 ile enerji piyasas\u0131na y\u00f6nelik e\u011fitim hizmeti vermektedir.<\/p>\t\t\t\t\t\t<\/div>\n\t\t\t\t<\/div>\n\t\t\t\t\t<\/div>\n\t\t<\/div>\n\t\t\t\t\t\t\t<\/div>\n\t\t<\/section>\n\t\t\t\t<section class=\"elementor-section elementor-top-section elementor-element elementor-element-3c908ae elementor-section-boxed elementor-section-height-default elementor-section-height-default\" data-id=\"3c908ae\" data-element_type=\"section\" data-settings=\"{&quot;background_background&quot;:&quot;classic&quot;}\">\n\t\t\t\t\t\t<div class=\"elementor-container elementor-column-gap-default\">\n\t\t\t\t\t<div class=\"elementor-column elementor-col-50 elementor-top-column elementor-element elementor-element-4ce464d\" data-id=\"4ce464d\" data-element_type=\"column\">\n\t\t\t<div class=\"elementor-widget-wrap elementor-element-populated\">\n\t\t\t\t\t\t\t\t<div class=\"elementor-element elementor-element-8407cde elementor-widget elementor-widget-image\" data-id=\"8407cde\" data-element_type=\"widget\" data-widget_type=\"image.default\">\n\t\t\t\t<div class=\"elementor-widget-container\">\n\t\t\t\t\t\t\t\t\t\t\t\t\t\t\t<img decoding=\"async\" src=\"https:\/\/www.aseltesisyonetim.com.tr\/enerji-danismanlik\/wp-content\/uploads\/2021\/03\/footer-gold1.png\" title=\"footer-gold1\" alt=\"footer-gold1\" \/>\t\t\t\t\t\t\t\t\t\t\t\t\t\t\t<\/div>\n\t\t\t\t<\/div>\n\t\t\t\t<div class=\"elementor-element elementor-element-b88f8ce elementor-widget elementor-widget-text-editor\" data-id=\"b88f8ce\" data-element_type=\"widget\" data-widget_type=\"text-editor.default\">\n\t\t\t\t<div class=\"elementor-widget-container\">\n\t\t\t\t\t\t\tAsel Tesis Y\u00f6netim, uluslararas\u0131 standartlarda\u00a0tesis hizmetleri, dan\u0131\u015fmanl\u0131k, y\u00f6netim konular\u0131nda\u00a0hizmet sunarken \u00fcst\u00fcn nitelikli ve profesyonel\u00a0hizmet yap\u0131s\u0131 sistemi kurarak m\u00fc\u015fterilerine de\u011fer katan h\u0131zl\u0131 \u00e7\u00f6z\u00fcmler sunmay\u0131 ama\u00e7lar. \t\t\t\t\t\t<\/div>\n\t\t\t\t<\/div>\n\t\t\t\t<div class=\"elementor-element elementor-element-3fbaec0 elementor-shape-circle e-grid-align-left elementor-grid-0 elementor-widget elementor-widget-social-icons\" data-id=\"3fbaec0\" data-element_type=\"widget\" data-widget_type=\"social-icons.default\">\n\t\t\t\t<div class=\"elementor-widget-container\">\n\t\t\t\t\t<div class=\"elementor-social-icons-wrapper elementor-grid\">\n\t\t\t\t\t\t\t<span class=\"elementor-grid-item\">\n\t\t\t\t\t<a class=\"elementor-icon elementor-social-icon elementor-social-icon-facebook elementor-repeater-item-f87aaa6\" href=\"https:\/\/www.facebook.com\/aseltesisyonetim\" target=\"_blank\">\n\t\t\t\t\t\t<span class=\"elementor-screen-only\">Facebook<\/span>\n\t\t\t\t\t\t<i class=\"fab fa-facebook\"><\/i>\t\t\t\t\t<\/a>\n\t\t\t\t<\/span>\n\t\t\t\t\t\t\t<span class=\"elementor-grid-item\">\n\t\t\t\t\t<a class=\"elementor-icon elementor-social-icon elementor-social-icon-instagram elementor-repeater-item-772c570\" href=\"https:\/\/www.instagram.com\/aseltesisyonetim\/\" target=\"_blank\">\n\t\t\t\t\t\t<span class=\"elementor-screen-only\">Instagram<\/span>\n\t\t\t\t\t\t<i class=\"fab fa-instagram\"><\/i>\t\t\t\t\t<\/a>\n\t\t\t\t<\/span>\n\t\t\t\t\t\t\t<span class=\"elementor-grid-item\">\n\t\t\t\t\t<a class=\"elementor-icon elementor-social-icon elementor-social-icon-twitter elementor-repeater-item-3b594c5\" href=\"https:\/\/twitter.com\/aseltesisyon\" target=\"_blank\">\n\t\t\t\t\t\t<span class=\"elementor-screen-only\">Twitter<\/span>\n\t\t\t\t\t\t<i class=\"fab fa-twitter\"><\/i>\t\t\t\t\t<\/a>\n\t\t\t\t<\/span>\n\t\t\t\t\t<\/div>\n\t\t\t\t<\/div>\n\t\t\t\t<\/div>\n\t\t\t\t\t<\/div>\n\t\t<\/div>\n\t\t\t\t<div class=\"elementor-column elementor-col-50 elementor-top-column elementor-element elementor-element-f781d0e\" data-id=\"f781d0e\" data-element_type=\"column\">\n\t\t\t<div class=\"elementor-widget-wrap elementor-element-populated\">\n\t\t\t\t\t\t\t\t<div class=\"elementor-element elementor-element-36e113f elementor-widget elementor-widget-heading\" data-id=\"36e113f\" data-element_type=\"widget\" data-widget_type=\"heading.default\">\n\t\t\t\t<div class=\"elementor-widget-container\">\n\t\t\t<h2 class=\"elementor-heading-title elementor-size-default\">\u0130leti\u015fim<\/h2>\t\t<\/div>\n\t\t\t\t<\/div>\n\t\t\t\t<div class=\"elementor-element elementor-element-5c92913 elementor-widget elementor-widget-text-editor\" data-id=\"5c92913\" data-element_type=\"widget\" data-widget_type=\"text-editor.default\">\n\t\t\t\t<div class=\"elementor-widget-container\">\n\t\t\t\t\t\t\t<p>\u00dcmit Mah. 2555 Sokak, <br \/>Teona\u00a0 \u00dcmitk\u00f6y Sitesi No:1 B<br \/>\u00c7ankaya \u2013 ANKARA<\/p><p>Tel:\u00a0 0 850 450 53 53<\/p><p><a href=\"mailto:info@aseltesisyonetim.com.tr\" target=\"_blank\" rel=\"noopener\">info@aseltesisyonetim.com.tr<\/a><\/p>\t\t\t\t\t\t<\/div>\n\t\t\t\t<\/div>\n\t\t\t\t\t<\/div>\n\t\t<\/div>\n\t\t\t\t\t\t\t<\/div>\n\t\t<\/section>\n\t\t\t\t\t\t<\/div>\n\t\t\t\t\t<\/div>\n\t\t","protected":false},"excerpt":{"rendered":"<p>Bizi Tan\u0131y\u0131n Asel Enerji Yat\u0131r\u0131m Dan\u0131\u015fmanl\u0131k; Enerji sekt\u00f6r\u00fc, enerji ticareti ve e\u011fitimi [&hellip;]<\/p>\n","protected":false},"author":1,"featured_media":0,"parent":0,"menu_order":0,"comment_status":"closed","ping_status":"closed","template":"page-templates\/page_front-page.php","meta":{"footnotes":""},"class_list":["post-725","page","type-page","status-publish","hentry"],"_links":{"self":[{"href":"https:\/\/www.aseltesisyonetim.com.tr\/enerji-danismanlik\/wp-json\/wp\/v2\/pages\/725","targetHints":{"allow":["GET"]}}],"collection":[{"href":"https:\/\/www.aseltesisyonetim.com.tr\/enerji-danismanlik\/wp-json\/wp\/v2\/pages"}],"about":[{"href":"https:\/\/www.aseltesisyonetim.com.tr\/enerji-danismanlik\/wp-json\/wp\/v2\/types\/page"}],"author":[{"embeddable":true,"href":"https:\/\/www.aseltesisyonetim.com.tr\/enerji-danismanlik\/wp-json\/wp\/v2\/users\/1"}],"replies":[{"embeddable":true,"href":"https:\/\/www.aseltesisyonetim.com.tr\/enerji-danismanlik\/wp-json\/wp\/v2\/comments?post=725"}],"version-history":[{"count":55,"href":"https:\/\/www.aseltesisyonetim.com.tr\/enerji-danismanlik\/wp-json\/wp\/v2\/pages\/725\/revisions"}],"predecessor-version":[{"id":1121,"href":"https:\/\/www.aseltesisyonetim.com.tr\/enerji-danismanlik\/wp-json\/wp\/v2\/pages\/725\/revisions\/1121"}],"wp:attachment":[{"href":"https:\/\/www.aseltesisyonetim.com.tr\/enerji-danismanlik\/wp-json\/wp\/v2\/media?parent=725"}],"curies":[{"name":"wp","href":"https:\/\/api.w.org\/{rel}","templated":true}]}}